8
In base 9, what is 800 - -1133500?
1134400
In base 12, what is -55b - 9624?
-9b83
In base 16, what is 725f7 + -21?
725d6
In base 16, what is -d98 - -a9c5?
9c2d
In base 11, what is 5 + 13220368?
13220372
In base 4, what is -322000 + 1223232?
301232
In base 3, what is -2 - -10011011010000220?
10011011010000211
In base 5, what is 3 + 12322413?
12322421
In base 5, what is 432442204 + 4?
432442213
In base 11, what is 963546 - 4?
963542
In base 4, what is -3 - -22012222131?
22012222122
In base 12, what is -60b7175 - -3?
-60b7172
In base 7, what is -161442 - 2303?
-164045
In base 2, what is -101100100101011 + -1101010?
-101100110010101
In base 15, what is 18a4ee - 7?
18a4e7
In base 12, what is 577 + 149a?
1a55
In base 12, what is -259607 - 14?
-25961b
In base 11, what is -235a277 + 1?
-235a276
In base 11, what is 4932 + -129a?
3643
In base 7, what is 1016341 - 611?
1015430
In base 13, what is -160247 - -35?
-160212
In base 6, what is -5 + 155150051?
155150042
In base 11, what is 21889 - -1638?
23416
In base 8, what is 256631521 + 5?
256631526
In base 13, what is 22b - 152762?
-152534
In base 11, what is -148 + 71382?
71235
In base 4, what is 112 + -102131202?
-102131030
In base 3, what is 1210 + -11021210212?
-11021202002
In base 14, what is -33d65c - -2?
-33d65a
In base 11, what is 1849 + 2896?
4634
In base 4, what is -20 + 23112000121?
23112000101
In base 16, what is 7 + -366cf7?
-366cf0
In base 10, what is 901284 + -3?
901281
In base 2, what is 100011000011 + 111010011111?
1011101100010
In base 12, what is -285 - -5a8819?
5a8554
In base 16, what is -24 + -115fa0?
-115fc4
In base 12, what is 11b5 + -17b6?
-601
In base 15, what is -5127 - d95?
-5ebc
In base 9, what is 1348427883 + -2?
1348427881
In base 3, what is -1 + 21101121221011?
21101121221010
In base 10, what is 3519 - -3703?
7222
In base 8, what is -4441 - -7406?
2745
In base 15, what is -70c6b - 14?
-70c80
In base 13, what is 5a - 11097?
-1103a
In base 3, what is -10 - 202211200122112?
-202211200122122
In base 5, what is -120 - 2141111?
-2141231
In base 10, what is 18743137 - 0?
18743137
In base 7, what is 134662302 + 3?
134662305
In base 2, what is -100101001011001011100 - 1001011?
-100101001011010100111
In base 14, what is -45cacb + -3?
-45cad0
In base 7, what is 2 + -1045011620?
-1045011615
In base 13, what is -185560c - -29?
-18555b3
In base 10, what is 463 - 2522?
-2059
In base 2, what is -10 - 10010011000111000010?
-10010011000111000100
In base 3, what is -2010021001222212 - -1?
-2010021001222211
In base 15, what is -180 + 4d991?
4d811
In base 6, what is -2323 + -3122115?
-3124442
In base 12, what is -267b9 - 568?
-27165
In base 11, what is -2389 + -2641?
-4a1a
In base 15, what is 12bb15 + 2?
12bb17
In base 7, what is 11 + -2126622?
-2126611
In base 15, what is -c35bd3 + -3?
-c35bd6
In base 8, what is 16103 - -1705?
20010
In base 10, what is -16 + -491357?
-491373
In base 4, what is 13 + 10223203201?
10223203220
In base 14, what is 0 - -6b61a87?
6b61a87
In base 9, what is -66030 + -12?
-66042
In base 16, what is 8 + -d8121?
-d8119
In base 6, what is -5 + 10242343532?
10242343523
In base 16, what is -1 - 1ce8a?
-1ce8b
In base 6, what is 140343121322 + -2?
140343121320
In base 15, what is 28c7 + 3bd?
2c95
In base 13, what is 7377 - b369?
-3cc2
In base 3, what is 20 + 2212002010000?
2212002010020
In base 6, what is 2023503 + 315?
2024222
In base 4, what is 1300 - -3131012?
3132312
In base 9, what is -116237423 - -5?
-116237417
In base 3, what is -200002002110221011 + 1?
-200002002110221010
In base 8, what is -167675436 + -5?
-167675443
In base 4, what is -201 - 323222111?
-323222312
In base 13, what is 64 + 51a285?
51a319
In base 12, what is -13529563 - 0?
-13529563
In base 13, what is 4 - 3bb65711?
-3bb6570a
In base 14, what is -24c590 - 1?
-24c591
In base 7, what is 124130250 + -3?
124130244
In base 12, what is -11557 + -16a?
-11705
In base 13, what is 3957b79 - 2?
3957b77
In base 16, what is -5e6 + -7ad5?
-80bb
In base 7, what is -2036522 - 15?
-2036540
In base 12, what is -14b6 + 1b094?
1979a
In base 6, what is 2 - 400320222?
-400320220
In base 11, what is -24 - -8a4a990?
8a4a967
In base 12, what is 4 - -1b183905?
1b183909
In base 4, what is -223323 + 102322011?
102032022
In base 8, what is 5 + 11116423?
11116430
In base 9, what is 221 + 332?
553
In base 15, what is -1aa33b0d + -5?
-1aa33b13
In base 2, what is -1001111000111 + 10100000010011?
1010001001100
In base 11, what is 0 - aa25940?
-aa25940
In base 4, what is -1211231222103 + 0?
-1211231222103
In base 10, what is -515 + 34670?
34155
In base 14, what is -88 + -257d8d?
-258037
In base 4, what is -20103321310223 + -11?
-20103321310300
In base 4, what is 1 + 1223001211110?
1223001211111
In base 13, what is -8 + 73703a6?
737039b
In base 13, what is 3438b8 - -1?
3438b9
In base 16, what is -33 + -25b4?
-25e7
In base 15, what is 3c53d7 - 99?
3c533d
In base 6, what is -152 - -200401?
200205
In base 9, what is -6403250 + -7?
-6403257
In base 6, what is -4132052 + -13044?
-4145140
In base 12, what is -b3 + 180a6?
17bb3
In base 9, what is 0 + -7154533?
-7154533
In base 12, what is -2b637 + 283?
-2b374
In base 5, what is 10311310010 + 10?
10311310020
In base 13, what is -28b0 - 1863?
-4443
In base 3, what is 1110 - 120220220102?
-120220211222
In base 7, what is -141 - -13442343?
13442202
In base 12, what is -2046b1 - 1b2?
-2048a3
In base 9, what is 5 - 7507160?
-7507154
In base 2, what is -100 + 1100010011110101001011?
1100010011110101000111
In base 3, what is 10200222 - -101020100?
111221022
In base 9, what is 1345420188 + -4?
1345420184
In base 11, what is 0 + -24a445a?
-24a445a
In base 15, what is 8867ad2 + 2?
8867ad4
In base 2, what is 1000101111110010110011001001 + 1?
1000101111110010110011001010
In base 5, what is -1011243240 - -3?
-1011243232
In base 5, what is 2014230042214 - 2?
2014230042212
In base 5, what is 214113444 + 34?
214114033
In base 5, what is -241143321313 - -10?
-241143321303
In base 7, what is 51100 - 1216?
46551
In base 16, what is -5 + -7aa509?
-7aa50e
In base 4, what is -1001 + 212313213232?
212313212231
In base 8, what is -603107317 - 5?
-603107324
In base 5, what is 11 - -2343213210?
2343213221
In base 6, what is 424031501 + 2?
424031503
In base 14, what is -264b9a + -5?
-264ba1
In base 5, what is -100443103 - -41?
-100443012
In base 14, what is -164d03 + -4?
-164d07
In base 15, what is 0 - -142e78?
142e78
In base 6, what is 13524443 - 25?
13524414
In base 5, what is 200400144 + 113?
200400312
In base 9, what is -47573 - 47?
-47631
In base 12, what is 2a - -6a4aa9?
6a4b17
In base 16, what is a - -8fd350?
8fd35a
In base 11, what is 600aa1491 + 5?
600aa1496
In base 2, what is 1010 - -101000110001000110101?
101000110001000111111
In base 6, what is -44243103 - -20?
-44243043
In base 5, what is 123 - -4330120210?
4330120333
In base 5, what is 2214233240 + 0?
2214233240
In base 8, what is 27754160 + 1?
27754161
In base 2, what is 111101110101011100100101 - -1010?
111101110101011100101111
In base 9, what is -25 + 444251?
444225
In base 5, what is 2 - 23223330023?
-23223330021
In base 5, what is 14 + 10240424221?
10240424240
In base 15, what is -2e + -e49dd?
-e4a1c
In base 12, what is 95a61 - -66?
95b07
In base 6, what is 105305 + 123201?
232510
In base 15, what is 2 + -c53266?
-c53264
In base 14, what is -2 - 2b1cca4?
-2b1cca6
In base 14, what is -376b71bc - 2?
-376b71c0
In base 4, what is 30 + -112222123033?
-112222123003
In base 10, what is -20982 + 111?
-20871
In base 5, what is -1411413 - 1142424?
-3104342
In base 14, what is -15ac4 - 4c?
-15b32
In base 11, what is -490a5718 - -1?
-490a5717
In base 10, what is -400 - 113729?
-114129
In base 4, what is 20210 - -230130?
311000
In base 12, what is 486693 + -180?
486513
In base 5, what is 2044334142 - 0?
2044334142
In base 11, what is 286663 - 138?
286526
In base 12, what is -9522 + 109?
-9415
In base 5, what is 1322243432 + 110?
1322244042
In base 3, what is -1012 - 10000001000?
-10000002012
In base 11, what is 119 + 34017?
34135
In base 3, what is -1021 + -10210111110?
-10210112201
In base 8, what is -6532515 + 6?
-6532507
In base 13, what is 45116 - 21?
450c5
In base 9, what is -40 - -22880030?
22878880
In base 14, what is 2 + -8d9d88?
-8d9d86
In base 10, wha